{"id":98,"date":"2025-05-28T08:00:02","date_gmt":"2025-05-28T06:00:02","guid":{"rendered":"https:\/\/grazo.pl\/?page_id=98"},"modified":"2025-06-02T22:46:57","modified_gmt":"2025-06-02T20:46:57","slug":"regulamin-sklepu","status":"publish","type":"page","link":"https:\/\/grazo.pl\/?page_id=98","title":{"rendered":"Regulamin sklepu"},"content":{"rendered":"\n<p><strong>\u00a71. Postanowienia og\u00f3lne<\/strong><\/p>\n\n\n\n<ol class=\"wp-block-list\">\n<li>Sklep internetowy GRAZO, dost\u0119pny pod adresem www.grazo.pl, prowadzony jest przez Mateusza Jadczaka-Talag\u0119, prowadz\u0105cego jednoosobow\u0105 dzia\u0142alno\u015b\u0107 gospodarcz\u0105 pod firm\u0105 GRAZO, NIP: 5742085626, z siedzib\u0105 w Ku\u017anicy Starej 63, 42-141 Przystaj\u0144.<\/li>\n\n\n\n<li>Regulamin okre\u015bla zasady korzystania ze sklepu internetowego, sk\u0142adania zam\u00f3wie\u0144, dostarczania produkt\u00f3w, p\u0142atno\u015bci oraz prawa i obowi\u0105zki klienta i sprzedawcy.<\/li>\n<\/ol>\n\n\n\n<p><strong>\u00a72. Definicje<\/strong><\/p>\n\n\n\n<ol class=\"wp-block-list\">\n<li>Klient \u2013 osoba fizyczna, prawna lub jednostka organizacyjna sk\u0142adaj\u0105ca zam\u00f3wienie w Sklepie.<\/li>\n\n\n\n<li>Sklep \u2013 sklep internetowy prowadzony przez Sprzedawc\u0119.<\/li>\n\n\n\n<li>Towar \u2013 produkt oferowany do sprzeda\u017cy.<\/li>\n\n\n\n<li>Umowa sprzeda\u017cy \u2013 umowa zawarta na odleg\u0142o\u015b\u0107 pomi\u0119dzy Sprzedawc\u0105 a Klientem.<\/li>\n<\/ol>\n\n\n\n<p><strong>\u00a73. Zasady korzystania ze sklepu<\/strong><\/p>\n\n\n\n<ol class=\"wp-block-list\">\n<li>Sklep prowadzi sprzeda\u017c detaliczn\u0105 towar\u00f3w za po\u015brednictwem Internetu.<\/li>\n\n\n\n<li>Warunkiem z\u0142o\u017cenia zam\u00f3wienia jest akceptacja regulaminu.<\/li>\n\n\n\n<li>Klient zobowi\u0105zany jest do podania prawdziwych danych.<\/li>\n<\/ol>\n\n\n\n<p><strong>\u00a74. Sk\u0142adanie zam\u00f3wie\u0144<\/strong><\/p>\n\n\n\n<ol class=\"wp-block-list\">\n<li>Zam\u00f3wienia mo\u017cna sk\u0142ada\u0107 24 godziny na dob\u0119.<\/li>\n\n\n\n<li>Po z\u0142o\u017ceniu zam\u00f3wienia Klient otrzymuje potwierdzenie e-mailem lub SMS-em.<\/li>\n\n\n\n<li>Zawarcie umowy nast\u0119puje w chwili potwierdzenia zam\u00f3wienia przez Sprzedawc\u0119.<\/li>\n<\/ol>\n\n\n\n<p><strong>\u00a75. Ceny i p\u0142atno\u015bci<\/strong><\/p>\n\n\n\n<ol class=\"wp-block-list\">\n<li>Wszystkie ceny podane w sklepie s\u0105 cenami brutto (zawieraj\u0105 podatek VAT, je\u015bli dotyczy) i wyra\u017cone s\u0105 w z\u0142otych polskich (PLN).<\/li>\n\n\n\n<li>Klient ma do wyboru nast\u0119puj\u0105ce metody p\u0142atno\u015bci:<\/li>\n\n\n\n<li><strong>P\u0142atno\u015b\u0107 online za po\u015brednictwem systemu imoje (ING Bank \u015al\u0105ski)<\/strong> \u2013 przelewy b\u0142yskawiczne, BLIK, p\u0142atno\u015b\u0107 kart\u0105 i inne dost\u0119pne formy;<\/li>\n\n\n\n<li><strong>P\u0142atno\u015b\u0107 za pobraniem<\/strong> \u2013 got\u00f3wk\u0105 lub kart\u0105 u kuriera przy odbiorze zam\u00f3wienia.<\/li>\n\n\n\n<li>W przypadku wyboru p\u0142atno\u015bci online, realizacja zam\u00f3wienia nast\u0119puje po pozytywnej autoryzacji p\u0142atno\u015bci.<\/li>\n\n\n\n<li>W przypadku p\u0142atno\u015bci za pobraniem, zam\u00f3wienie zostaje przekazane do realizacji niezw\u0142ocznie po jego potwierdzeniu.<\/li>\n\n\n\n<li>Koszty dostawy s\u0105 ka\u017cdorazowo wskazywane podczas sk\u0142adania zam\u00f3wienia i mog\u0105 by\u0107 uzale\u017cnione od wybranej metody p\u0142atno\u015bci i dostawy i wahaj\u0105 si\u0119 zazwyczaj od 20,00 z\u0142 do 35,00 z\u0142.<\/li>\n<\/ol>\n\n\n\n<p><strong>\u00a76. Dostawa<\/strong><\/p>\n\n\n\n<ol class=\"wp-block-list\">\n<li>Towar wysy\u0142any jest za po\u015brednictwem firmy kurierskiej <strong>FedEx<\/strong>.<\/li>\n\n\n\n<li>Przesy\u0142ki realizowane s\u0105 wy\u0142\u0105cznie na terenie Polski.<\/li>\n\n\n\n<li>Czas realizacji zam\u00f3wienia wynosi <strong>do 3 dni roboczych<\/strong> od zaksi\u0119gowania p\u0142atno\u015bci lub potwierdzenia zam\u00f3wienia z opcj\u0105 pobrania.<\/li>\n\n\n\n<li>Klient otrzymuje numer przesy\u0142ki umo\u017cliwiaj\u0105cy \u015bledzenie dostawy.<\/li>\n\n\n\n<li>Mo\u017cliwy jest odbi\u00f3r osobisty po wcze\u015bniejszym um\u00f3wieniu si\u0119 z obs\u0142ug\u0105 sklepu.<\/li>\n<\/ol>\n\n\n\n<p><strong>\u00a77. Odst\u0105pienie od umowy<\/strong><\/p>\n\n\n\n<ol class=\"wp-block-list\">\n<li>Konsument ma prawo odst\u0105pi\u0107 od umowy w terminie 14 dni bez podania przyczyny.<\/li>\n\n\n\n<li>To samo prawo przys\u0142uguje tak\u017ce <strong>przedsi\u0119biorcom dokonuj\u0105cym zakup\u00f3w w celach zwi\u0105zanych z dzia\u0142alno\u015bci\u0105 gospodarcz\u0105, je\u015bli nie maj\u0105 one dla nich charakteru zawodowego<\/strong> (tzw. przedsi\u0119biorca uprzywilejowany, zgodnie z art. 38a ustawy o prawach konsumenta).<\/li>\n\n\n\n<li>Formularz odst\u0105pienia oraz szczeg\u00f3\u0142y zwrotu dost\u0119pne s\u0105 na stronie sklepu.<\/li>\n\n\n\n<li>Koszt odes\u0142ania towaru ponosi Klient.<\/li>\n<\/ol>\n\n\n\n<p><strong>\u00a78. Reklamacje<\/strong><\/p>\n\n\n\n<ol class=\"wp-block-list\">\n<li>W przypadku niezgodno\u015bci towaru z umow\u0105 Klient mo\u017ce z\u0142o\u017cy\u0107 reklamacj\u0119 mailowo na adres: <strong><a>zwroty@grazo.pl<\/a><\/strong> lub pisemnie.<\/li>\n\n\n\n<li>Reklamacja powinna zawiera\u0107:\n<ul class=\"wp-block-list\">\n<li>numer zam\u00f3wienia,<\/li>\n\n\n\n<li>opis wady lub problemu,<\/li>\n\n\n\n<li>zdj\u0119cia uszkodzenia (je\u015bli dotyczy).<\/li>\n<\/ul>\n<\/li>\n\n\n\n<li>Towar nale\u017cy odes\u0142a\u0107 na adres: GRAZO, Ku\u017anica Stara 63, 42-141 Przystaj\u0144.<\/li>\n\n\n\n<li>Reklamacje s\u0105 rozpatrywane w terminie do 14 dni roboczych od ich otrzymania.<\/li>\n\n\n\n<li>Reklamacje mog\u0105 sk\u0142ada\u0107 r\u00f3wnie\u017c przedsi\u0119biorcy uprzywilejowani \u2013 s\u0105 traktowani na r\u00f3wni z konsumentem.<\/li>\n<\/ol>\n\n\n\n<p><strong>\u00a79. Dane osobowe<\/strong><\/p>\n\n\n\n<ol class=\"wp-block-list\">\n<li>Dane osobowe Klient\u00f3w s\u0105 przetwarzane zgodnie z Polityk\u0105 Prywatno\u015bci.<\/li>\n\n\n\n<li>Administratorem danych jest Mateusz Jadczak-Talaga.<\/li>\n\n\n\n<li>Klient ma prawo wgl\u0105du, poprawiania i usuni\u0119cia swoich danych.<\/li>\n<\/ol>\n\n\n\n<p><strong>\u00a710. Postanowienia ko\u0144cowe<\/strong><\/p>\n\n\n\n<ol class=\"wp-block-list\">\n<li>W sprawach nieuregulowanych niniejszym regulaminem maj\u0105 zastosowanie przepisy Kodeksu cywilnego oraz ustawy o prawach konsumenta.<\/li>\n\n\n\n<li>Regulamin dost\u0119pny jest na stronie sklepu i mo\u017ce by\u0107 pobrany przez Klienta.<\/li>\n<\/ol>\n\n\n\n<p><strong>\u00a711. Gwarancja producenta<\/strong><\/p>\n\n\n\n<ol class=\"wp-block-list\">\n<li>Produkty oferowane w sklepie mog\u0105 by\u0107 obj\u0119te gwarancj\u0105 producenta \u2013 informacja ta znajduje si\u0119 w opisie produktu lub w dokumentacji do\u0142\u0105czonej do przesy\u0142ki.<\/li>\n\n\n\n<li>Gwarancja producenta nie ogranicza uprawnie\u0144 Klienta z tytu\u0142u r\u0119kojmi.<\/li>\n<\/ol>\n","protected":false},"excerpt":{"rendered":"<p>\u00a71. Postanowienia og\u00f3lne \u00a72. Definicje \u00a73. Zasady korzystania ze sklepu \u00a74. Sk\u0142adanie zam\u00f3wie\u0144 \u00a75. Ceny i p\u0142atno\u015bci \u00a76. Dostawa \u00a77. Odst\u0105pienie od umowy \u00a78. Reklamacje \u00a79. Dane osobowe \u00a710. Postanowienia ko\u0144cowe \u00a711. Gwarancja producenta<\/p>\n","protected":false},"author":1,"featured_media":0,"parent":0,"menu_order":0,"comment_status":"closed","ping_status":"closed","template":"","meta":{"footnotes":""},"class_list":["post-98","page","type-page","status-publish","hentry"],"yoast_head":"<!-- This site is optimized with the Yoast SEO plugin v27.4 - https:\/\/yoast.com\/product\/yoast-seo-wordpress\/ -->\n<title>Regulamin sklepu - GRAZO.pl<\/title>\n<meta name=\"robots\" content=\"index, follow, max-snippet:-1, max-image-preview:large, max-video-preview:-1\" \/>\n<link rel=\"canonical\" href=\"https:\/\/grazo.pl\/?page_id=98\" \/>\n<meta property=\"og:locale\" content=\"pl_PL\" \/>\n<meta property=\"og:type\" content=\"article\" \/>\n<meta property=\"og:title\" content=\"Regulamin sklepu - GRAZO.pl\" \/>\n<meta property=\"og:description\" content=\"\u00a71. Postanowienia og\u00f3lne \u00a72. Definicje \u00a73. Zasady korzystania ze sklepu \u00a74. Sk\u0142adanie zam\u00f3wie\u0144 \u00a75. Ceny i p\u0142atno\u015bci \u00a76. Dostawa \u00a77. Odst\u0105pienie od umowy \u00a78. Reklamacje \u00a79. Dane osobowe \u00a710. Postanowienia ko\u0144cowe \u00a711. Gwarancja producenta\" \/>\n<meta property=\"og:url\" content=\"https:\/\/grazo.pl\/?page_id=98\" \/>\n<meta property=\"og:site_name\" content=\"GRAZO.pl\" \/>\n<meta property=\"article:modified_time\" content=\"2025-06-02T20:46:57+00:00\" \/>\n<meta name=\"twitter:card\" content=\"summary_large_image\" \/>\n<meta name=\"twitter:label1\" content=\"Szacowany czas czytania\" \/>\n\t<meta name=\"twitter:data1\" content=\"3 minuty\" \/>\n<script type=\"application\/ld+json\" class=\"yoast-schema-graph\">{\"@context\":\"https:\\\/\\\/schema.org\",\"@graph\":[{\"@type\":\"WebPage\",\"@id\":\"https:\\\/\\\/grazo.pl\\\/?page_id=98\",\"url\":\"https:\\\/\\\/grazo.pl\\\/?page_id=98\",\"name\":\"Regulamin sklepu - GRAZO.pl\",\"isPartOf\":{\"@id\":\"https:\\\/\\\/grazo.pl\\\/#website\"},\"datePublished\":\"2025-05-28T06:00:02+00:00\",\"dateModified\":\"2025-06-02T20:46:57+00:00\",\"breadcrumb\":{\"@id\":\"https:\\\/\\\/grazo.pl\\\/?page_id=98#breadcrumb\"},\"inLanguage\":\"pl-PL\",\"potentialAction\":[{\"@type\":\"ReadAction\",\"target\":[\"https:\\\/\\\/grazo.pl\\\/?page_id=98\"]}]},{\"@type\":\"BreadcrumbList\",\"@id\":\"https:\\\/\\\/grazo.pl\\\/?page_id=98#breadcrumb\",\"itemListElement\":[{\"@type\":\"ListItem\",\"position\":1,\"name\":\"Strona g\u0142\u00f3wna\",\"item\":\"https:\\\/\\\/grazo.pl\\\/\"},{\"@type\":\"ListItem\",\"position\":2,\"name\":\"Regulamin sklepu\"}]},{\"@type\":\"WebSite\",\"@id\":\"https:\\\/\\\/grazo.pl\\\/#website\",\"url\":\"https:\\\/\\\/grazo.pl\\\/\",\"name\":\"GRAZO.pl\",\"description\":\"Grazo \u2013 efektywna praca w ogrodzie\",\"potentialAction\":[{\"@type\":\"SearchAction\",\"target\":{\"@type\":\"EntryPoint\",\"urlTemplate\":\"https:\\\/\\\/grazo.pl\\\/?s={search_term_string}\"},\"query-input\":{\"@type\":\"PropertyValueSpecification\",\"valueRequired\":true,\"valueName\":\"search_term_string\"}}],\"inLanguage\":\"pl-PL\"}]}<\/script>\n<!-- \/ Yoast SEO plugin. -->","yoast_head_json":{"title":"Regulamin sklepu - GRAZO.pl","robots":{"index":"index","follow":"follow","max-snippet":"max-snippet:-1","max-image-preview":"max-image-preview:large","max-video-preview":"max-video-preview:-1"},"canonical":"https:\/\/grazo.pl\/?page_id=98","og_locale":"pl_PL","og_type":"article","og_title":"Regulamin sklepu - GRAZO.pl","og_description":"\u00a71. Postanowienia og\u00f3lne \u00a72. Definicje \u00a73. Zasady korzystania ze sklepu \u00a74. Sk\u0142adanie zam\u00f3wie\u0144 \u00a75. Ceny i p\u0142atno\u015bci \u00a76. Dostawa \u00a77. Odst\u0105pienie od umowy \u00a78. Reklamacje \u00a79. Dane osobowe \u00a710. Postanowienia ko\u0144cowe \u00a711. Gwarancja producenta","og_url":"https:\/\/grazo.pl\/?page_id=98","og_site_name":"GRAZO.pl","article_modified_time":"2025-06-02T20:46:57+00:00","twitter_card":"summary_large_image","twitter_misc":{"Szacowany czas czytania":"3 minuty"},"schema":{"@context":"https:\/\/schema.org","@graph":[{"@type":"WebPage","@id":"https:\/\/grazo.pl\/?page_id=98","url":"https:\/\/grazo.pl\/?page_id=98","name":"Regulamin sklepu - GRAZO.pl","isPartOf":{"@id":"https:\/\/grazo.pl\/#website"},"datePublished":"2025-05-28T06:00:02+00:00","dateModified":"2025-06-02T20:46:57+00:00","breadcrumb":{"@id":"https:\/\/grazo.pl\/?page_id=98#breadcrumb"},"inLanguage":"pl-PL","potentialAction":[{"@type":"ReadAction","target":["https:\/\/grazo.pl\/?page_id=98"]}]},{"@type":"BreadcrumbList","@id":"https:\/\/grazo.pl\/?page_id=98#breadcrumb","itemListElement":[{"@type":"ListItem","position":1,"name":"Strona g\u0142\u00f3wna","item":"https:\/\/grazo.pl\/"},{"@type":"ListItem","position":2,"name":"Regulamin sklepu"}]},{"@type":"WebSite","@id":"https:\/\/grazo.pl\/#website","url":"https:\/\/grazo.pl\/","name":"GRAZO.pl","description":"Grazo \u2013 efektywna praca w ogrodzie","potentialAction":[{"@type":"SearchAction","target":{"@type":"EntryPoint","urlTemplate":"https:\/\/grazo.pl\/?s={search_term_string}"},"query-input":{"@type":"PropertyValueSpecification","valueRequired":true,"valueName":"search_term_string"}}],"inLanguage":"pl-PL"}]}},"jetpack_sharing_enabled":true,"_links":{"self":[{"href":"https:\/\/grazo.pl\/index.php?rest_route=\/wp\/v2\/pages\/98","targetHints":{"allow":["GET"]}}],"collection":[{"href":"https:\/\/grazo.pl\/index.php?rest_route=\/wp\/v2\/pages"}],"about":[{"href":"https:\/\/grazo.pl\/index.php?rest_route=\/wp\/v2\/types\/page"}],"author":[{"embeddable":true,"href":"https:\/\/grazo.pl\/index.php?rest_route=\/wp\/v2\/users\/1"}],"replies":[{"embeddable":true,"href":"https:\/\/grazo.pl\/index.php?rest_route=%2Fwp%2Fv2%2Fcomments&post=98"}],"version-history":[{"count":3,"href":"https:\/\/grazo.pl\/index.php?rest_route=\/wp\/v2\/pages\/98\/revisions"}],"predecessor-version":[{"id":156,"href":"https:\/\/grazo.pl\/index.php?rest_route=\/wp\/v2\/pages\/98\/revisions\/156"}],"wp:attachment":[{"href":"https:\/\/grazo.pl\/index.php?rest_route=%2Fwp%2Fv2%2Fmedia&parent=98"}],"curies":[{"name":"wp","href":"https:\/\/api.w.org\/{rel}","templated":true}]}}