{"id":281,"date":"2025-08-02T12:53:10","date_gmt":"2025-08-02T10:53:10","guid":{"rendered":"https:\/\/grazo.pl\/?post_type=product&#038;p=281"},"modified":"2026-03-19T10:20:29","modified_gmt":"2026-03-19T09:20:29","slug":"niwelator-terenu-na-kolach","status":"publish","type":"product","link":"https:\/\/grazo.pl\/?product=niwelator-terenu-na-kolach","title":{"rendered":"Niwelator terenu na ko\u0142ach GRAZO"},"content":{"rendered":"<p>&nbsp;<\/p>\n<p>Ten niwelator terenu to propozycja dla wymagaj\u0105cych u\u017cytkownik\u00f3w \u2013 wyprodukowany w Polsce, solidny i trwa\u0142y \u2013 bez kompromis\u00f3w.<\/p>\n<h2 data-start=\"1568\" data-end=\"1608\"><strong data-start=\"1571\" data-end=\"1608\">\u00a0Zastosowanie<\/strong><\/h2>\n<p>\u2013 R\u00f3wnanie gleby pod trawnik<\/p>\n<p>\u2013 Przygotowanie pod\u0142o\u017ca pod kostk\u0119 brukow\u0105<\/p>\n<h2 data-start=\"2398\" data-end=\"2431\"><strong data-start=\"2401\" data-end=\"2431\">Dlaczego warto ?<\/strong><\/h2>\n<p>\u2013 Znacz\u0105co przyspiesza prace &#8211; usprawnij dzia\u0142anie swojej firmy<\/p>\n<p>\u2013 Mo\u017cliwo\u015b\u0107 uzyskania idealnie r\u00f3wnej nawierzchni przy ma\u0142ym nak\u0142adzie pracy<\/p>\n<p>\u2013 Wykonany z dba\u0142o\u015bci\u0105 o trwa\u0142o\u015b\u0107 i detale u\u0142atwiaj\u0105ce u\u017cytkowanie<\/p>\n<p>\u2013 Produkt w 100% wyprodukowany w Polsce \u2013 wspierasz lokalny rynek<\/p>\n<h2 data-start=\"1568\" data-end=\"1608\">Dane techniczne<\/h2>\n<p>\u2013 Konstrukcja ze stali 3\u202fmm, lakier proszkowy \u2013 odporno\u015b\u0107 na korozj\u0119<\/p>\n<p>\u2013 Regulacja szeroko\u015bci powierzchni roboczej od 108 do 180\u202fcm<\/p>\n<p>\u2013 P\u0142ynna regulacja wysoko\u015bci r\u0105czki i k\u0105ta nachylenia \u2013 daj\u0105ca komfort u\u017cytkowania<\/p>\n<p>&#8211; Waga: 38kg<\/p>\n<p>&#8211; Brak konieczno\u015bci u\u017cywania dodatkowych narz\u0119dzi podczas regulacji &#8211; zaprojektowane z my\u015bl\u0105 o wygodzie u\u017cytkowania<\/p>\n<h2 data-start=\"2398\" data-end=\"2431\"><strong data-start=\"2401\" data-end=\"2431\">Dodatkowe opcje.<\/strong><\/h2>\n<p>&#8211; Lemiesze ze stali nierdzewnej +450 z\u0142<\/p>\n<p>&#8211; Mo\u017cliwo\u015b\u0107 naniesienia danych firmy (wycena indywidualna)<\/p>\n<p>&nbsp;<\/p>\n<p><strong>Prezentacja: <\/strong><\/p>\n<p>&nbsp;<\/p>\n<blockquote class=\"tiktok-embed\" cite=\"https:\/\/www.tiktok.com\/@mateuszjadczaktalaga\/video\/7532783508561988886\" data-video-id=\"7532783508561988886\" data-embed-from=\"oembed\" style=\"max-width:605px; min-width:325px;\">\n<section> <a target=\"_blank\" title=\"@mateuszjadczaktalaga\" href=\"https:\/\/www.tiktok.com\/@mateuszjadczaktalaga?refer=embed\">@mateuszjadczaktalaga<\/a> <\/p>\n<p>Nowo\u015b\u0107 od Grazo! \ud83d\udd27\ud83d\udd25 Regulowany niwelator na ko\u0142ach \u2013 od 108 do 180 cm szeroko\u015bci \ud83d\udcaa Do zak\u0142adania trawnika \ud83c\udf31 i prac brukarskich \ud83e\uddf1 Regulacja wysoko\u015bci dr\u0105\u017cka i k\u0105ta nachylenia \u2013 wygodna praca bez b\u00f3lu plec\u00f3w! Opcjonalnie z lemieszami ze stali nierdzewnej \ud83d\udee0\ufe0f Polska produkcja, solidna robota \ud83c\uddf5\ud83c\uddf1 Zobacz monta\u017c i prezentacj\u0119 na gotowym trawniku \ud83d\udc47 Daj zna\u0107 w komentarzu, czy widzisz go w swojej robocie! \ud83d\udcac <a title=\"grazo\" target=\"_blank\" href=\"https:\/\/www.tiktok.com\/tag\/grazo?refer=embed\">#grazo<\/a> <a title=\"niwelator\" target=\"_blank\" href=\"https:\/\/www.tiktok.com\/tag\/niwelator?refer=embed\">#niwelator<\/a> <a title=\"trawnik\" target=\"_blank\" href=\"https:\/\/www.tiktok.com\/tag\/trawnik?refer=embed\">#trawnik<\/a> <a title=\"brukarz\" target=\"_blank\" href=\"https:\/\/www.tiktok.com\/tag\/brukarz?refer=embed\">#brukarz<\/a> <a title=\"ogr\u00f3d\" target=\"_blank\" href=\"https:\/\/www.tiktok.com\/tag\/ogr%C3%B3d?refer=embed\">#ogr\u00f3d<\/a> <a title=\"narz\u0119dzia\" target=\"_blank\" href=\"https:\/\/www.tiktok.com\/tag\/narz%C4%99dzia?refer=embed\">#narz\u0119dzia<\/a>  <a title=\"zak\u0142adanietrawnika\" target=\"_blank\" href=\"https:\/\/www.tiktok.com\/tag\/zak%C5%82adanietrawnika?refer=embed\">#zak\u0142adanietrawnika<\/a> <a title=\"polskiprodukt\" target=\"_blank\" href=\"https:\/\/www.tiktok.com\/tag\/polskiprodukt?refer=embed\">#polskiprodukt<\/a> <a title=\"diy\" target=\"_blank\" href=\"https:\/\/www.tiktok.com\/tag\/diy?refer=embed\">#diy<\/a> <a title=\"lawn\" target=\"_blank\" href=\"https:\/\/www.tiktok.com\/tag\/lawn?refer=embed\">#lawn<\/a><\/p>\n<p> <a target=\"_blank\" title=\"\u266c where's my head at _ - Basement Jaxx &#038; 100 gecs\" href=\"https:\/\/www.tiktok.com\/music\/where's-my-head-at-7300874020868687873?refer=embed\">\u266c where&#8217;s my head at _ &#8211; Basement Jaxx &#038; 100 gecs<\/a> <\/section>\n<\/blockquote>\n<p> <script async src=\"https:\/\/www.tiktok.com\/embed.js\"><\/script><\/p>\n","protected":false},"excerpt":{"rendered":"<p>GRAZO Niwelator terenu na ko\u0142ach przyspiesza wyr\u00f3wnywanie gleby pod trawnik i kostk\u0119 brukow\u0105. Solidna konstrukcja i p\u0142ynna regulacja zapewniaj\u0105 efektywn\u0105 i precyzyjn\u0105 prac\u0119 w ogrodzie i na terenie.<\/p>\n","protected":false},"featured_media":300,"comment_status":"open","ping_status":"closed","template":"","meta":[],"product_brand":[57],"product_cat":[76],"product_tag":[85,83,21,46,25,84],"class_list":{"0":"post-281","1":"product","2":"type-product","3":"status-publish","4":"has-post-thumbnail","6":"product_brand-grazo","7":"product_cat-narzedzia-ogrodnicze","8":"product_tag-niwelacja","9":"product_tag-niwelator","10":"product_tag-niwelator-terenu","11":"product_tag-ogrod","12":"product_tag-rownanie-trawnika","13":"product_tag-rowniarka","14":"product_shipping_class-duze","16":"first","17":"instock","18":"sale","19":"purchasable","20":"product-type-variable"},"yoast_head":"<!-- This site is optimized with the Yoast SEO plugin v27.4 - https:\/\/yoast.com\/product\/yoast-seo-wordpress\/ -->\n<title>Niwelator terenu na ko\u0142ach GRAZO - wyprodukowany w Polsce GRAZO.pl<\/title>\n<meta name=\"description\" content=\"Zainwestuj w niwelator terenu na ko\u0142ach, kt\u00f3ry przyspiesza prace w Twojej firmie. Solidny, polski produkt, kt\u00f3ry zapewnia idealnie r\u00f3wn\u0105 nawierzchni\u0119.\" \/>\n<meta name=\"robots\" content=\"index, follow, max-snippet:-1, max-image-preview:large, max-video-preview:-1\" \/>\n<link rel=\"canonical\" href=\"https:\/\/grazo.pl\/?product=niwelator-terenu-na-kolach\" \/>\n<meta property=\"og:locale\" content=\"pl_PL\" \/>\n<meta property=\"og:type\" content=\"article\" \/>\n<meta property=\"og:title\" content=\"Niwelator terenu na ko\u0142ach GRAZO - wyprodukowany w Polsce GRAZO.pl\" \/>\n<meta property=\"og:description\" content=\"Zainwestuj w niwelator terenu na ko\u0142ach, kt\u00f3ry przyspiesza prace w Twojej firmie. Solidny, polski produkt, kt\u00f3ry zapewnia idealnie r\u00f3wn\u0105 nawierzchni\u0119.\" \/>\n<meta property=\"og:url\" content=\"https:\/\/grazo.pl\/?product=niwelator-terenu-na-kolach\" \/>\n<meta property=\"og:site_name\" content=\"GRAZO.pl\" \/>\n<meta property=\"article:modified_time\" content=\"2026-03-19T09:20:29+00:00\" \/>\n<meta property=\"og:image\" content=\"https:\/\/grazo.pl\/wp-content\/uploads\/2025\/08\/3-scaled.jpg\" \/>\n\t<meta property=\"og:image:width\" content=\"1920\" \/>\n\t<meta property=\"og:image:height\" content=\"2560\" \/>\n\t<meta property=\"og:image:type\" content=\"image\/jpeg\" \/>\n<meta name=\"twitter:card\" content=\"summary_large_image\" \/>\n<meta name=\"twitter:label1\" content=\"Szacowany czas czytania\" \/>\n\t<meta name=\"twitter:data1\" content=\"1 minuta\" \/>\n<script type=\"application\/ld+json\" class=\"yoast-schema-graph\">{\"@context\":\"https:\\\/\\\/schema.org\",\"@graph\":[{\"@type\":\"WebPage\",\"@id\":\"https:\\\/\\\/grazo.pl\\\/?product=niwelator-terenu-na-kolach\",\"url\":\"https:\\\/\\\/grazo.pl\\\/?product=niwelator-terenu-na-kolach\",\"name\":\"Niwelator terenu na ko\u0142ach GRAZO - wyprodukowany w Polsce GRAZO.pl\",\"isPartOf\":{\"@id\":\"https:\\\/\\\/grazo.pl\\\/#website\"},\"primaryImageOfPage\":{\"@id\":\"https:\\\/\\\/grazo.pl\\\/?product=niwelator-terenu-na-kolach#primaryimage\"},\"image\":{\"@id\":\"https:\\\/\\\/grazo.pl\\\/?product=niwelator-terenu-na-kolach#primaryimage\"},\"thumbnailUrl\":\"https:\\\/\\\/grazo.pl\\\/wp-content\\\/uploads\\\/2025\\\/08\\\/3-scaled.jpg\",\"datePublished\":\"2025-08-02T10:53:10+00:00\",\"dateModified\":\"2026-03-19T09:20:29+00:00\",\"description\":\"Zainwestuj w niwelator terenu na ko\u0142ach, kt\u00f3ry przyspiesza prace w Twojej firmie. Solidny, polski produkt, kt\u00f3ry zapewnia idealnie r\u00f3wn\u0105 nawierzchni\u0119.\",\"breadcrumb\":{\"@id\":\"https:\\\/\\\/grazo.pl\\\/?product=niwelator-terenu-na-kolach#breadcrumb\"},\"inLanguage\":\"pl-PL\",\"potentialAction\":[{\"@type\":\"ReadAction\",\"target\":[\"https:\\\/\\\/grazo.pl\\\/?product=niwelator-terenu-na-kolach\"]}]},{\"@type\":\"ImageObject\",\"inLanguage\":\"pl-PL\",\"@id\":\"https:\\\/\\\/grazo.pl\\\/?product=niwelator-terenu-na-kolach#primaryimage\",\"url\":\"https:\\\/\\\/grazo.pl\\\/wp-content\\\/uploads\\\/2025\\\/08\\\/3-scaled.jpg\",\"contentUrl\":\"https:\\\/\\\/grazo.pl\\\/wp-content\\\/uploads\\\/2025\\\/08\\\/3-scaled.jpg\",\"width\":1920,\"height\":2560,\"caption\":\"Niwelator terenu Grazo\"},{\"@type\":\"BreadcrumbList\",\"@id\":\"https:\\\/\\\/grazo.pl\\\/?product=niwelator-terenu-na-kolach#breadcrumb\",\"itemListElement\":[{\"@type\":\"ListItem\",\"position\":1,\"name\":\"Strona g\u0142\u00f3wna\",\"item\":\"https:\\\/\\\/grazo.pl\\\/\"},{\"@type\":\"ListItem\",\"position\":2,\"name\":\"Sklep\",\"item\":\"https:\\\/\\\/grazo.pl\\\/?page_id=6\"},{\"@type\":\"ListItem\",\"position\":3,\"name\":\"Niwelator terenu na ko\u0142ach GRAZO\"}]},{\"@type\":\"WebSite\",\"@id\":\"https:\\\/\\\/grazo.pl\\\/#website\",\"url\":\"https:\\\/\\\/grazo.pl\\\/\",\"name\":\"GRAZO.pl\",\"description\":\"Grazo \u2013 efektywna praca w ogrodzie\",\"potentialAction\":[{\"@type\":\"SearchAction\",\"target\":{\"@type\":\"EntryPoint\",\"urlTemplate\":\"https:\\\/\\\/grazo.pl\\\/?s={search_term_string}\"},\"query-input\":{\"@type\":\"PropertyValueSpecification\",\"valueRequired\":true,\"valueName\":\"search_term_string\"}}],\"inLanguage\":\"pl-PL\"}]}<\/script>\n<!-- \/ Yoast SEO plugin. -->","yoast_head_json":{"title":"Niwelator terenu na ko\u0142ach GRAZO - wyprodukowany w Polsce GRAZO.pl","description":"Zainwestuj w niwelator terenu na ko\u0142ach, kt\u00f3ry przyspiesza prace w Twojej firmie. Solidny, polski produkt, kt\u00f3ry zapewnia idealnie r\u00f3wn\u0105 nawierzchni\u0119.","robots":{"index":"index","follow":"follow","max-snippet":"max-snippet:-1","max-image-preview":"max-image-preview:large","max-video-preview":"max-video-preview:-1"},"canonical":"https:\/\/grazo.pl\/?product=niwelator-terenu-na-kolach","og_locale":"pl_PL","og_type":"article","og_title":"Niwelator terenu na ko\u0142ach GRAZO - wyprodukowany w Polsce GRAZO.pl","og_description":"Zainwestuj w niwelator terenu na ko\u0142ach, kt\u00f3ry przyspiesza prace w Twojej firmie. Solidny, polski produkt, kt\u00f3ry zapewnia idealnie r\u00f3wn\u0105 nawierzchni\u0119.","og_url":"https:\/\/grazo.pl\/?product=niwelator-terenu-na-kolach","og_site_name":"GRAZO.pl","article_modified_time":"2026-03-19T09:20:29+00:00","og_image":[{"width":1920,"height":2560,"url":"https:\/\/grazo.pl\/wp-content\/uploads\/2025\/08\/3-scaled.jpg","type":"image\/jpeg"}],"twitter_card":"summary_large_image","twitter_misc":{"Szacowany czas czytania":"1 minuta"},"schema":{"@context":"https:\/\/schema.org","@graph":[{"@type":"WebPage","@id":"https:\/\/grazo.pl\/?product=niwelator-terenu-na-kolach","url":"https:\/\/grazo.pl\/?product=niwelator-terenu-na-kolach","name":"Niwelator terenu na ko\u0142ach GRAZO - wyprodukowany w Polsce GRAZO.pl","isPartOf":{"@id":"https:\/\/grazo.pl\/#website"},"primaryImageOfPage":{"@id":"https:\/\/grazo.pl\/?product=niwelator-terenu-na-kolach#primaryimage"},"image":{"@id":"https:\/\/grazo.pl\/?product=niwelator-terenu-na-kolach#primaryimage"},"thumbnailUrl":"https:\/\/grazo.pl\/wp-content\/uploads\/2025\/08\/3-scaled.jpg","datePublished":"2025-08-02T10:53:10+00:00","dateModified":"2026-03-19T09:20:29+00:00","description":"Zainwestuj w niwelator terenu na ko\u0142ach, kt\u00f3ry przyspiesza prace w Twojej firmie. Solidny, polski produkt, kt\u00f3ry zapewnia idealnie r\u00f3wn\u0105 nawierzchni\u0119.","breadcrumb":{"@id":"https:\/\/grazo.pl\/?product=niwelator-terenu-na-kolach#breadcrumb"},"inLanguage":"pl-PL","potentialAction":[{"@type":"ReadAction","target":["https:\/\/grazo.pl\/?product=niwelator-terenu-na-kolach"]}]},{"@type":"ImageObject","inLanguage":"pl-PL","@id":"https:\/\/grazo.pl\/?product=niwelator-terenu-na-kolach#primaryimage","url":"https:\/\/grazo.pl\/wp-content\/uploads\/2025\/08\/3-scaled.jpg","contentUrl":"https:\/\/grazo.pl\/wp-content\/uploads\/2025\/08\/3-scaled.jpg","width":1920,"height":2560,"caption":"Niwelator terenu Grazo"},{"@type":"BreadcrumbList","@id":"https:\/\/grazo.pl\/?product=niwelator-terenu-na-kolach#breadcrumb","itemListElement":[{"@type":"ListItem","position":1,"name":"Strona g\u0142\u00f3wna","item":"https:\/\/grazo.pl\/"},{"@type":"ListItem","position":2,"name":"Sklep","item":"https:\/\/grazo.pl\/?page_id=6"},{"@type":"ListItem","position":3,"name":"Niwelator terenu na ko\u0142ach GRAZO"}]},{"@type":"WebSite","@id":"https:\/\/grazo.pl\/#website","url":"https:\/\/grazo.pl\/","name":"GRAZO.pl","description":"Grazo \u2013 efektywna praca w ogrodzie","potentialAction":[{"@type":"SearchAction","target":{"@type":"EntryPoint","urlTemplate":"https:\/\/grazo.pl\/?s={search_term_string}"},"query-input":{"@type":"PropertyValueSpecification","valueRequired":true,"valueName":"search_term_string"}}],"inLanguage":"pl-PL"}]}},"jetpack_sharing_enabled":true,"_links":{"self":[{"href":"https:\/\/grazo.pl\/index.php?rest_route=\/wp\/v2\/product\/281","targetHints":{"allow":["GET"]}}],"collection":[{"href":"https:\/\/grazo.pl\/index.php?rest_route=\/wp\/v2\/product"}],"about":[{"href":"https:\/\/grazo.pl\/index.php?rest_route=\/wp\/v2\/types\/product"}],"replies":[{"embeddable":true,"href":"https:\/\/grazo.pl\/index.php?rest_route=%2Fwp%2Fv2%2Fcomments&post=281"}],"wp:featuredmedia":[{"embeddable":true,"href":"https:\/\/grazo.pl\/index.php?rest_route=\/wp\/v2\/media\/300"}],"wp:attachment":[{"href":"https:\/\/grazo.pl\/index.php?rest_route=%2Fwp%2Fv2%2Fmedia&parent=281"}],"wp:term":[{"taxonomy":"product_brand","embeddable":true,"href":"https:\/\/grazo.pl\/index.php?rest_route=%2Fwp%2Fv2%2Fproduct_brand&post=281"},{"taxonomy":"product_cat","embeddable":true,"href":"https:\/\/grazo.pl\/index.php?rest_route=%2Fwp%2Fv2%2Fproduct_cat&post=281"},{"taxonomy":"product_tag","embeddable":true,"href":"https:\/\/grazo.pl\/index.php?rest_route=%2Fwp%2Fv2%2Fproduct_tag&post=281"}],"curies":[{"name":"wp","href":"https:\/\/api.w.org\/{rel}","templated":true}]}}